 (-31)/(-3) + -3*12/27. Let j = a - 7. Suppose j*t = -3*t + 22175. Is t a prime number?
False
Let m(d) = 29*d**3 - 11*d**2 - 22*d**2 + 13*d**2 - 28*d**3 + 63*d**2 - 101 + 47*d. Is m(-40) a composite number?
False
Is (-151834)/(((-38)/(-95))/((-7)/35)) a prime number?
False
Suppose 3*i + 379091 = 2*u, u - 140280 - 49241 = -2*i. Is u composite?
True
Suppose -60*g + 1488506 + 5306566 = -5798508. Is g a composite number?
True
Let x(h) = 1573*h**3 - 11*h - 5. Is x(3) prime?
True
Let v = 233 + -164. Let s = -62 + v. Is 1462/4*(5 + -10 + s) a prime number?
False
Suppose 8*n - 12*n - 3*f + 61664 = 0, 30858 = 2*n - 5*f. Is n a composite number?
True
Suppose -5*i + 2707 = w - 35, 4*w - 2*i = 11078. Is w a prime number?
True
Suppose d - 14*d = -52. Suppose 12*o - d*o - 114248 = 0. Is o a prime number?
True
Suppose 3*p + 2*r - 124 = 6*r, -4*r + 156 = 4*p. Is (-30)/p + 151917/12 a composite number?
False
Let y = -3401 + 5944. Let g = -946 + y. Is g a composite number?
False
Let m be 0 - (0 + 569)*88/(-11). Let z = 8235 - m. Is z/(5 + -3 - 1) prime?
False
Is ((-251582)/(-2)*(-9)/81)/((-37)/333) prime?
True
Let f be (864/(-336))/(6/(-392)). Suppose -f*h + 164*h = -3812. Is h a prime number?
True
Let j(x) = -176*x**3 - 8*x**2 - x + 3. Suppose -20 = 4*q - 5*g, g + 0 - 25 = 5*q. Let m be j(q). Let l = m + -14901. Is l prime?
True
Let w(x) = 2*x**2 - 72*x + 6. Let s be w(36). Suppose 2*j = -8, -7*m + 2*j + 28027 = -s*m. Is m composite?
False
Let m = -639034 + 1092901. Is m a prime number?
False
Let o(a) = 313*a**3 + 3*a - 1. Let u be (6 - (-3 - -6))*(-2)/2. Let l be o(u). Is 36/(-198) - l/11 a prime number?
True
Let p = -13883 + 30136. Is p a prime number?
True
Let o(f) = f**3 + 8*f**2 + 6*f - 6. Let h be o(-7). Suppose 4 = p + h. Suppose -4*i - 673 = -p*n + i, 4*n + 2*i - 880 = 0. Is n a composite number?
True
Suppose -2*x - 78 = 3*m + m, 2*x + 54 = 4*m. Let o(r) = -298*r - 341. Is o(x) a prime number?
False
Let c = 9085 - -3445. Suppose -c = -11*a - 3*a. Is a a prime number?
False
Is (-3)/2 - (-4 - -18)/(32/(-25208)) a prime number?
True
Suppose -10*f = -16 - 14. Let x be (-3)/1 + f - -3. Suppose -x*d + 46 + 589 = -s, -s = d - 209. Is d a composite number?
False
Let o = -442 - -552. Is -6 + (-276025)/(-11) + (-20)/o a prime number?
True
Suppose 3*v = -2*y + y - 6, 4*y = -2*v - 14. Let s be ((-3)/2)/(v + 1162/1164). Is 1*s + 8*4/8 a prime number?
True
Let r(c) = -1283818*c**3 + c**2 - 48*c - 48. Is r(-1) a prime number?
False
Let k = -23 + 27. Suppose 2*o = -5*l + 16 + k, o - 5 = 0. Suppose -2171 = -t - 2*m, -3*t - 2*t + l*m + 10855 = 0. Is t composite?
True
Let d be (-30)/105 + 227980/14. Suppose -d = -91*n + 79*n. Is n a prime number?
False
Let l(b) = 41*b**3 + 2*b**2 + 13*b + 19. Let r be l(-2). Let j = -106 - r. Is j prime?
False
Let j(o) = 376*o + 171. Let k be j(14). Suppose -15*q + 20*q - k = 0. Is q composite?
False
Let f(p) = -65*p - 39. Let u be ((-98)/(-21))/7 - 208/(-3). Suppose 4*a = 11*a + u. Is f(a) a composite number?
True
Let k = 378 + -312. Suppose -63*j = -k*j + 20187. Is j a prime number?
False
Suppose 27958 = -9*u + 81463. Suppose 4*q - 23840 = v, -q + 9*v + u = 5*v. Is q a composite number?
True
Let d(a) = -71839*a - 1227. Is d(-4) a prime number?
True
Let i = 36 - 34. Suppose 5*m - 161 = -2*u - i*u, -4*u - 103 = -3*m. Is m a prime number?
False
Suppose 0 = 5*n - d - 243045, -16*d = -2*n - 20*d + 97240. Suppose -4*z + n = 2558. Is z a composite number?
True
Suppose 15*j - 11*j - 8 = -5*b, 4*j - 8 = b. Suppose 0 = w, -4*w + 19923 = 3*u - j*w. Is u composite?
True
Let h = -90 - -96. Let c(z) = 697*z + 77. Is c(h) prime?
True
Suppose -5*i + 4*h + 5 = 10, -2*h + 22 = 4*i. Suppose g + 16749 = i*b - g, 3*g + 9 = 0. Is b prime?
True
Let n = 444 - 442. Suppose -n*k = 17*k - 121619. Is k a composite number?
True
Let y = 177 + 1794. Let q = -728 + y. Is q a prime number?
False
Let x be (-36)/12*5/3. Let d be ((-3)/24*886)/(x/100). Suppose 2*y - d = -3*y. Is y a composite number?
False
Suppose -3344746 = -191*a + 9014673. Is a composite?
False
Let h(m) = -4*m**3 + 6*m**2 - 4*m - 97. Suppose -1122 = -9*d - 1203. Is h(d) composite?
True
Let x(r) = r - 6. Let d be x(-8). Let f(j) = -3*j - 44. Let k be f(d). Is k/(6/(-2227)) - (-2)/3 a composite number?
False
Let c = 7259 + -5060. Suppose -28 = -2*z - 4*v, 2*z + 3*v - 2*v - 13 = 0. Suppose -z*x + c = -x. Is x composite?
False
Let l = -1086 + 1646. Suppose 17*a - l = 16*a. Let s = a + 425. Is s a composite number?
True
Is (((-15013)/15)/((-17)/85))/(4/12) a composite number?
False
Suppose 3*c - 479716 = 5*r, 0 = 2*c - r - 2*r - 319811. Is c a composite number?
True
Suppose 4*p + a = -0*a + 1, p - a + 1 = 0. Let n be (-26)/91*(7 + p). Is n*((-2122)/4 + 3) composite?
True
Suppose v + 4*m = 19571, 37165 = 4*v - 2*m - 41119. Is v a composite number?
False
Suppose 13*p - 8*p = -d + 886948, 0 = d - 3. Is p prime?
False
Suppose 5*x + 181757 = 3*a, -93481 = -4*a - 8*x + 148891. Is a a prime number?
True
Suppose 24565 + 17399 = 4*f + 4*i, 5*f + 3*i - 52463 = 0. Is f a composite number?
True
Let n be 8/80 + 21/(-10). Let y(d) = -40*d**3 - 3*d**2 - 5*d - 1. Is y(n) a composite number?
False
Suppose 10*k - 35*k = -12098267 - 136283. Is k prime?
False
Suppose 0 = -38*u + 41*u - 3606. Let b = u + -535. Is b composite?
True
Suppose n - 2 = 0, 5*z - 4*n + 48 = z. Let c = z - -137. Is (-2)/3*30/(-20)*c a composite number?
False
Let l(v) = -v**3 + 24*v - 6. Let f be l(-5). Is -141 + 138 - (-767 + f - 1) prime?
False
Let q = -280133 + 437340. Is q composite?
False
Suppose -15*l = 7551 - 34896. Let a = 1358 + l. Is a prime?
True
Let l = -6 + 22. Suppose -17*f + l*f + 1957 = 0. Suppose -f = -m - n - 0*n, -3*n - 3899 = -2*m. Is m composite?
True
Let x be ((-29066)/(-3) + 0)/((-18)/(-135)). Suppose 5*z = 4*s + x, 3*z - 5*s - 2579 - 41020 = 0. Is z prime?
True
Let r(o) = -4*o + 12. Let h be r(3). Suppose h = 5*l + 5*p, 2*l + 3*p + 2 + 0 = 0. Is (2 - 7*-37) + l prime?
True
Suppose 0 = 63*n - 1091842 - 228861 - 1604954. Is n a prime number?
True
Let r = -895 + 2256. Is r composite?
False
Let q be 0/(2 - 0/(-5)). Suppose -p - 3 = q, 3*a - p - 5949 = -3*p. Is a a composite number?
True
Let n = 6999587 - 4077490. Is n prime?
True
Suppose -2*z + 20 = -6*s + 2*s, -s = -z + 7. Let n be -2 + (11784 - (-5 + z)). Suppose -9*o = -n - 3598. Is o composite?
False
Let f(b) = 141*b**3 - 5*b - 12. Let s be f(6). Suppose -11*z - 2*o - 7599 = -12*z, -o = 4*z - s. Is z a prime number?
True
Let b = 348 - 346. Suppose -3*m + 6613 = -b*d, 4*m - 6808 = 4*d + 2012. Is m composite?
False
Suppose 18 = -9*z + 12*z. Let a(t) = 26*t**2 + t - 1. Is a(z) a prime number?
True
Let b(z) = z**3 - 13*z**2 - 6*z - 10. Let s(f) = -6*f - 74. Let r be s(-15). Is b(r) composite?
True
Let h be 4/10*140/14. Suppose -t - 5695 = -6*t - h*j, -4*t + 4556 = 5*j. Is t a prime number?
False
Let p = -14961 + -12579. Let t be 1 - -1 - p/(-18). Let v = t - -2261. Is v composite?
False
Let o(s) = 9*s - 6. Let j be o(1). Suppose 0 = j*c - 42 + 27. Suppose 2*t + 3*f = 130, c*f = -8*t + 4*t + 264. Is t prime?
True
Let f(u) be the third derivative of 25*u**4/24 + u**3/2 - 5*u**2. Let y(k) = -k - 1. Let a(h) = -f(h) + 6*y(h). Is a(-4) prime?
False
Is -277557*170/(-45) - (-7)/21 a prime number?
True
Let l = 79 + -62. Suppose 4*i - 3*d = l, -2*i + 3*d + 8 + 5 = 0. Suppose -j = -i*u + j + 616, -5*u - j + 1534 = 0. Is u prime?
True
Let m(o) = 16627*o + 1. Let i be m(1). Suppose i = 11*g - 42915. Is g a prime number?
True
Let k(l) = 288*l**2 - 210*l - 608. Is k(-3) a composite number?
True
Let s(a) = -2*a**3 + 37*a**2 - 17*a - 18. Let j be s(18). Is (-4 + -17)*-17 - (-1 - j) a composite number?
True
Let u(a) = -a**2 + 9*a + 97. Let m be u(15). Suppose 0*d = -m*d + 96971. Is d a composite number?
True
Suppose 87693 = 58*f - 8239. Let r be 111/21 + 4/(-14). Suppose -3*k - f = -r*w, -5*w + 2*k + 448 = -1203. Is w a prime number?
False
Suppose 4*c + 5*y = 10 - 30, 4*c - 4*y = 16. Suppose c = -2*q + o + 15579, 2*q + 7*o - 15583 = 12*o. Is q a prime number?
True
Suppose -2*i - 112755 = 5*n - 284314, 4*n - 3*i - 137238 = 0. Is n a composite number?
True
Let l = 748015 + -298938. Is l prime?
True
Suppose 4*u - 5*d - 263141 = 0, -5*u + 84635 = 2*d - 244316. Is u a composite number?
False
Let g be